18 + 11130. List the prime factors of x.
2, 139
Suppose 609*g - 675*g = -1077978. What are the prime factors of g?
16333
Suppose -5*q - 655 = 5*f, 0*q - f + 256 = -2*q. Let l = -209 - q. Let a = 112 + l. What are the prime factors of a?
2
Suppose 0 = -5*l + 3*y, 4*y = 5*y. Suppose l*u - 3*u + 194 = -c, -3*u - 3*c = -210. Suppose -o = -14 - u. List the prime factors of o.
2, 5
Suppose -85137 = -5*d - 22*f + 19*f, -5*d + 85145 = -5*f. List the prime factors of d.
2, 3, 11, 43
Suppose -3*g = -3*b - 463 + 91, -3*b = -5*g + 612. Let t = g + 309. What are the prime factors of t?
3, 11, 13
Suppose 3825 = -7*a + 32*a. Suppose 3*z - 7*p + 9*p = 420, -5*p = z - a. List the prime factors of z.
2, 3, 23
Let u(j) = -229*j**2 + 7*j + 30. Let w be u(-3). List the prime factors of (34/4)/((-54)/w).
17, 19
Let p(s) = -43*s + 1. Let q be p(9). Let y = -156 - q. List the prime factors of y.
2, 5, 23
Suppose 4*q - 241 - 879 = 0. Suppose -5*d - 188 = 5*s + 92, q = -5*s - 4*d. Let i = s + 95. What are the prime factors of i?
3, 13
Suppose -5365 = -2*n + 3*r, -9*r = -14*r - 5. Suppose -3*u = x - n, -x = 24*u - 22*u - 1786. List the prime factors of u.
5, 179
Let y = 1785 - 859. Let v = y + -328. List the prime factors of v.
2, 13, 23
Let x(q) = q**3 + 6*q**2 + 2*q - 1. Let g be x(-5). Let f be (-902)/g - 12/21. Let b = f + 115. List the prime factors of b.
2, 5
Suppose -x = 5*b - 25774, -34*x + 38*x - 2*b = 103008. List the prime factors of x.
2, 79, 163
Suppose 20 = j + 4*z, 0*j + j + 3*z - 15 = 0. Let w = 1104 + -1098. Suppose j = w*i - 3*i - 162. List the prime factors of i.
2, 3
Suppose -174*h = -164*h - 190. Suppose -h*w - 14*w = -11088. List the prime factors of w.
2, 3, 7
Suppose 7712 + 426 = 13*x. Let k = x + -244. List the prime factors of k.
2, 191
Let w = -389 - 189. Let l = w + 1049. List the prime factors of l.
3, 157
Let z be (5 + -7)*2/4. List the prime factors of (49 + -80)*20/z.
2, 5, 31
Let a = 10 - 5. Suppose -233 = -w - a*n + 43, 0 = 5*w + n - 1284. Let c = -154 + w. What are the prime factors of c?
2, 3, 17
Let b be -60*8*42/(-60). Suppose -29*x + 33*x - b = 0. List the prime factors of x.
2, 3, 7
Let b be 6 - (-1 + -2125)*2. Suppose 13*c + 683 - b = 0. List the prime factors of c.
5, 11
Let t = 361 - -498. Let r = t + 192. What are the prime factors of r?
1051
Let d(p) = 2*p**2 + 50*p - 25. Let t(a) be the first derivative of a**3/3 + 25*a**2/2 - 12*a + 9. Let m(g) = -3*d(g) + 5*t(g). List the prime factors of m(-8).
151
Suppose 15 = 5*t - 2*t. Let s = t - 33. Let c = -24 - s. What are the prime factors of c?
2
Let c = 40 - 33. Let p(o) = 5*o**2 + 9 + 34 - 2 - 8 - 2*o. List the prime factors of p(c).
2, 3, 11
Let l = -1048 - -2169. Let z = 257 - 253. Suppose 5*f - z*h = l, -6*f + 7*f - 2*h = 223. List the prime factors of f.
3, 5
Let j = 16 - 5. Let s = j - -440. List the prime factors of s.
11, 41
Let k = -2947 + 2918. Let f(p) = -5*p**2 + 5*p + 2. Let x be f(-3). Let c = k - x. What are the prime factors of c?
29
Let j be (-8)/(128/(-20))*-4 - 2. List the prime factors of 2 + 475/1 + (-2 - j).
2, 241
Let o(z) = 5*z + 59. Let r be o(-13). List the prime factors of r - ((-4608)/4)/3.
2, 3, 7
Suppose 2*k - 6*k = f - 370, -k - 4 = 0. Suppose f = q - 2*o, -3*q + 5*o = -0*o - 1153. List the prime factors of q.
2, 47
Let x(l) = -9*l + 19*l + 18*l - 8. Let f be 22/18 + (-4)/18. What are the prime factors of x(f)?
2, 5
Let f(z) = z**2 - z + 440. Let m be f(0). Let t be (0/(-1))/(-7 - (3 + -9)). Suppose t = -6*j + m + 46. What are the prime factors of j?
3
Suppose -4*o = -5*i - 10952 - 64125, 0 = -8*o + 5*i + 150189. List the prime factors of o.
2, 41, 229
Let z = -79 + 1585. Suppose j - 630 = 4*u, -2*j = 2*u + 196 - z. List the prime factors of j.
2, 5, 13
Suppose m + 3 = 4*m. Let f(g) = -5*g - 7. Let u be f(m). List the prime factors of u*(-6)/54*15/2.
2, 5
Suppose 6*o - 5*p = 262872, -p + 31763 = -4*o + 207025. What are the prime factors of o?
43, 1019
Let z = 449 - -3609. Suppose 4*k = -1146 + z. What are the prime factors of k?
2, 7, 13
Let f(j) = 3*j**3 + 3*j**2 - j + 5. Let w be f(-3). Let q be -61 - (-1 + -2) - 2. Let b = w - q. List the prime factors of b.
2, 7
Let x(i) = -2*i**3 + 1. Let l be x(-1). Suppose 0*f + l*f = 582. List the prime factors of f.
2, 97
Let k(w) be the first derivative of -w**2/2 - 26*w - 19. Let l be k(-22). What are the prime factors of 394/((6 - l)/5)?
197
Let j(b) be the first derivative of b**3 + 4*b**2 + 87*b + 65. List the prime factors of j(-17).
2, 409
Let f(w) = 204*w**2 + 39*w + 495. List the prime factors of f(-10).
3, 5, 1367
Suppose 15 = 18*t - 13*t. Suppose 2*w + 2*o - 966 = -2*w, t*w + 5*o - 742 = 0. List the prime factors of w.
239
Let u(f) = 2*f**2 - 81 + 0*f + 99 + 0*f**2 + 5*f - f**2. Suppose k - 48 = 5*k. What are the prime factors of u(k)?
2, 3, 17
Let o(w) = -27*w - 236. Let q be o(-9). List the prime factors of (q - -3) + 439 + (-2 - 1).
2, 223
List the prime factors of 7*1824 - (-35)/(-25 + 60).
113
Suppose 4*t - 2*t - 182 = 0. Suppose 0 = -3*m - 6, 0 = 3*c - 8*c - m + 18. Suppose -c*v + 358 = 2*s, v = -0*v - 2*s + t. What are the prime factors of v?
89
Suppose c + 2*u + 15 = 0, c = 4*u + 3 - 0. Let o(r) = r**3 + 15*r**2 + 9*r + 36. What are the prime factors of o(c)?
3, 7
Let d = -85 - -88. Suppose 0 = -5*q + 3*c - 15, d*q = -2*q + 5*c - 25. Suppose q = -5*z + 68 + 122. List the prime factors of z.
2, 19
Let n(d) = d**2 + 4*d + 9. Let i be n(-2). Suppose 3*s = i*c - 8*c, 5*s = 0. Let o = 92 + c. List the prime factors of o.
2, 23
Suppose 10*t + 23*t - 12935 - 131935 = 0. List the prime factors of t.
2, 5, 439
Let v(i) = 667*i + 17. Let n(x) = 1333*x + 34. Let k(f) = 3*n(f) - 7*v(f). What are the prime factors of k(-1)?
653
Let b = -19022 + 30302. Suppose 10*v - b = -5*v. What are the prime factors of v?
2, 47
Suppose 4*q + 3*z = -681 + 41059, 3*q - 30303 = z. What are the prime factors of q?
10099
List the prime factors of 486785/91 + (-108)/(-63).
5351
Suppose 2*r = -14*r - 256. Let z(u) = 2*u**2 + 18*u + 3. What are the prime factors of z(r)?
227
Let f(x) = 3*x**2 + 14*x - 14. Let d be f(10). Let m = 125 + d. What are the prime factors of m?
19, 29
Suppose -x + 2*o = -5, 3*x - 8 - 7 = 4*o. Suppose -2*s + 13 = x. Suppose 0*b - 8 = -s*b. What are the prime factors of b?
2
Let k(l) be the second derivative of 11*l**4/12 + l**3/2 - 4*l**2 - 172*l. What are the prime factors of k(-6)?
2, 5, 37
Let y(w) = 7*w**2 + 60*w - 764. What are the prime factors of y(-44)?
2, 43, 59
Suppose 536*m - 513*m - 525389 = 0. List the prime factors of m.
53, 431
Let u be 0/(-5) + (-1 + 0)*8. Let s(j) = j**3 + 10*j**2 + 15*j - 6. Let d be s(u). Suppose -6*z + d*z + 504 = 0. What are the prime factors of z?
2, 3, 7
Suppose 49*z = -9*z + 518926. What are the prime factors of z?
23, 389
Let z(k) = k**3 + 7*k**2 - 9*k - 4. Let g be z(-8). Suppose 0*o - 463 = -2*o - t, 0 = g*t - 4. What are the prime factors of o?
3, 7, 11
Suppose -171070 = -11*y - 43228. Suppose 0 = -381*s + 394*s - y. What are the prime factors of s?
2, 3, 149
Suppose 5*d = -10 - 35. What are the prime factors of 8 - (d - (-4188)/(-3))?
3, 157
Suppose -36 - 6 = 7*h. Let w(b) = 11*b + 63. Let p be w(h). Let c(q) = -q**3 + 3*q**2 + 3*q + 17. What are the prime factors of c(p)?
2, 31
Let q = -9 + 43. Let i(d) = 105*d**2 - d - 2. Let c be i(-1). Let r = c - q. What are the prime factors of r?
2, 5, 7
Let y be -5 + 0 + 3/1 - 54. Let t be 96/y + (-4)/14. List the prime factors of 274/6 + t + (-6)/9.
43
Let r(s) = -6*s**3 + 9*s**2 + 62*s + 1316. List the prime factors of r(-14).
2, 7, 23, 29
Suppose 61*y - 17911262 = -313*y + 7122802. List the prime factors of y.
2, 3, 2789
List the prime factors of ((-28484)/(-26))/((-402)/(-2613)) + (6 - 1).
2, 7, 509
Suppose -3*p = -7*p - 304. Let c be (1706/(-8))/(19/p). Suppose -5*n + c + 522 = 0. List the prime factors of n.
5, 11
Suppose -155*d = -153*d + 18. Let v(a) be the second derivative of -7*a**3/6 + a**2 + 2*a. List the prime factors of v(d).
5, 13
Let c(r) = -2*r**2 - r**3 - 4*r - 11*r**2 - 17*r**2 + 13*r**2 - 48*r - 5. What are the prime factors of c(-17)?
3, 293
Let d(o) = o**3 - 18*o**2 - 9*o + 36. Let r be d(20). Suppose -2*n = -2*j + r, 4*n = -1 - 19. What are the prime factors of j?
17, 19
List the pr